{"id":229,"date":"2021-10-01T23:47:58","date_gmt":"2021-10-01T21:47:58","guid":{"rendered":"http:\/\/dr-hofem.de\/?page_id=229"},"modified":"2021-10-04T16:14:58","modified_gmt":"2021-10-04T14:14:58","slug":"datenschutzerklaerung","status":"publish","type":"page","link":"https:\/\/dr-hofem.de\/?page_id=229","title":{"rendered":"Datenschutzerklaerung"},"content":{"rendered":"\t\t<div data-elementor-type=\"wp-page\" data-elementor-id=\"229\" class=\"elementor elementor-229\">\n\t\t\t\t\t\t<section class=\"elementor-section elementor-top-section elementor-element elementor-element-59980844 elementor-section-boxed elementor-section-height-default elementor-section-height-default\" data-id=\"59980844\" data-element_type=\"section\" data-e-type=\"section\">\n\t\t\t\t\t\t<div class=\"elementor-container elementor-column-gap-default\">\n\t\t\t\t\t<div class=\"elementor-column elementor-col-100 elementor-top-column elementor-element elementor-element-15a09e8e\" data-id=\"15a09e8e\" data-element_type=\"column\" data-e-type=\"column\">\n\t\t\t<div class=\"elementor-widget-wrap elementor-element-populated\">\n\t\t\t\t\t\t<div class=\"elementor-element elementor-element-54867f66 elementor-widget elementor-widget-text-editor\" data-id=\"54867f66\" data-element_type=\"widget\" data-e-type=\"widget\" data-widget_type=\"text-editor.default\">\n\t\t\t\t<div class=\"elementor-widget-container\">\n\t\t\t\t\t\t\t\t\t<p><\/p>\n<h2 class=\"wp-block-heading\">Impressum:<\/h2>\n<p style=\"font-variant-caps: normal; font-family: Roboto, sans-serif; font-size: 14px; font-style: normal; caret-color: #0f0d0d; color: #0f0d0d;\">Dr. med. Rosemarie Hofem<br \/>Henricusstr. 21<br \/>61440 Oberursel<\/p>\n<h2>Datenschutzerkl\u00e4rung:<\/h2>\n<p><\/p>\n<p>Die Adresse unserer Website ist: https:\/\/dr-hofem.de.<br \/><span style=\"font-size: 14px; color: var( --e-global-color-text );\">Aktuell sammeln bzw. verarbeiten wir keinerlei Daten unserer online Besucher. Es werden auch keine Cockies eingesetzt.\u00a0<\/span><\/p>\n<p><strong><span style=\"color: #003366;\"><a href=\"https:\/\/dr-hofem.de\/\">HOME<\/a><\/span><\/strong><\/p>\n<p><strong>\u00a0<\/strong><\/p>\n<p><span style=\"color: #ffffff;\"><b>Orthop\u00e4die Osteopathie\u00a0<\/b><span style=\"font-weight: 600;\">Chef\u00e4rztin<\/span><\/span><\/p>\n<p><\/p>\n<p><\/p>\t\t\t\t\t\t\t\t<\/div>\n\t\t\t\t<\/div>\n\t\t\t\t\t<\/div>\n\t\t<\/div>\n\t\t\t\t\t<\/div>\n\t\t<\/section>\n\t\t\t\t<\/div>\n\t\t","protected":false},"excerpt":{"rendered":"<p>Impressum: Dr. med. Rosemarie HofemHenricusstr. 2161440 Oberursel Datenschutzerkl\u00e4rung: Die Adresse unserer Website ist: https:\/\/dr-hofem.de.Aktuell sammeln bzw. verarbeiten wir keinerlei Daten unserer online Besucher. Es werden auch keine Cockies eingesetzt.\u00a0 HOME \u00a0 Orthop\u00e4die Osteopathie\u00a0Chef\u00e4rztin<\/p>\n","protected":false},"author":1,"featured_media":0,"parent":5,"menu_order":0,"comment_status":"closed","ping_status":"closed","template":"elementor_header_footer","meta":{"ocean_post_layout":"","ocean_both_sidebars_style":"","ocean_both_sidebars_content_width":0,"ocean_both_sidebars_sidebars_width":0,"ocean_sidebar":"0","ocean_second_sidebar":"0","ocean_disable_margins":"on","ocean_add_body_class":"","ocean_shortcode_before_top_bar":"","ocean_shortcode_after_top_bar":"","ocean_shortcode_before_header":"","ocean_shortcode_after_header":"","ocean_has_shortcode":"","ocean_shortcode_after_title":"","ocean_shortcode_before_footer_widgets":"","ocean_shortcode_after_footer_widgets":"","ocean_shortcode_before_footer_bottom":"","ocean_shortcode_after_footer_bottom":"","ocean_display_top_bar":"off","ocean_display_header":"off","ocean_header_style":"","ocean_center_header_left_menu":"0","ocean_custom_header_template":"0","ocean_custom_logo":0,"ocean_custom_retina_logo":0,"ocean_custom_logo_max_width":0,"ocean_custom_logo_tablet_max_width":0,"ocean_custom_logo_mobile_max_width":0,"ocean_custom_logo_max_height":0,"ocean_custom_logo_tablet_max_height":0,"ocean_custom_logo_mobile_max_height":0,"ocean_header_custom_menu":"0","ocean_menu_typo_font_family":"0","ocean_menu_typo_font_subset":"","ocean_menu_typo_font_size":0,"ocean_menu_typo_font_size_tablet":0,"ocean_menu_typo_font_size_mobile":0,"ocean_menu_typo_font_size_unit":"px","ocean_menu_typo_font_weight":"","ocean_menu_typo_font_weight_tablet":"","ocean_menu_typo_font_weight_mobile":"","ocean_menu_typo_transform":"","ocean_menu_typo_transform_tablet":"","ocean_menu_typo_transform_mobile":"","ocean_menu_typo_line_height":0,"ocean_menu_typo_line_height_tablet":0,"ocean_menu_typo_line_height_mobile":0,"ocean_menu_typo_line_height_unit":"","ocean_menu_typo_spacing":0,"ocean_menu_typo_spacing_tablet":0,"ocean_menu_typo_spacing_mobile":0,"ocean_menu_typo_spacing_unit":"","ocean_menu_link_color":"","ocean_menu_link_color_hover":"","ocean_menu_link_color_active":"","ocean_menu_link_background":"","ocean_menu_link_hover_background":"","ocean_menu_link_active_background":"","ocean_menu_social_links_bg":"","ocean_menu_social_hover_links_bg":"","ocean_menu_social_links_color":"","ocean_menu_social_hover_links_color":"","ocean_disable_title":"on","ocean_disable_heading":"default","ocean_post_title":"","ocean_post_subheading":"","ocean_post_title_style":"","ocean_post_title_background_color":"","ocean_post_title_background":0,"ocean_post_title_bg_image_position":"","ocean_post_title_bg_image_attachment":"","ocean_post_title_bg_image_repeat":"","ocean_post_title_bg_image_size":"","ocean_post_title_height":0,"ocean_post_title_bg_overlay":0.5,"ocean_post_title_bg_overlay_color":"","ocean_disable_breadcrumbs":"off","ocean_breadcrumbs_color":"","ocean_breadcrumbs_separator_color":"","ocean_breadcrumbs_links_color":"","ocean_breadcrumbs_links_hover_color":"","ocean_display_footer_widgets":"off","ocean_display_footer_bottom":"off","ocean_custom_footer_template":"0","footnotes":""},"class_list":["post-229","page","type-page","status-publish","hentry","entry"],"yoast_head":"<!-- This site is optimized with the Yoast SEO plugin v27.5 - https:\/\/yoast.com\/product\/yoast-seo-wordpress\/ -->\n<title>Datenschutzerklaerung - Praxis Dr. med. Rosemarie Hofem<\/title>\n<meta name=\"description\" content=\"Orthop\u00e4de Osteopathie Orthop\u00e4die Akupunktur Pr\u00e4vention Praxis Oberursel Henricusstr. Rosemarie Hofem Dr. med.\" \/>\n<meta name=\"robots\" content=\"index, follow, max-snippet:-1, max-image-preview:large, max-video-preview:-1\" \/>\n<link rel=\"canonical\" href=\"https:\/\/dr-hofem.de\/?page_id=229\" \/>\n<meta property=\"og:locale\" content=\"de_DE\" \/>\n<meta property=\"og:type\" content=\"article\" \/>\n<meta property=\"og:title\" content=\"Datenschutzerklaerung - Praxis Dr. med. Rosemarie Hofem\" \/>\n<meta property=\"og:description\" content=\"Orthop\u00e4de Osteopathie Orthop\u00e4die Akupunktur Pr\u00e4vention Praxis Oberursel Henricusstr. Rosemarie Hofem Dr. med.\" \/>\n<meta property=\"og:url\" content=\"https:\/\/dr-hofem.de\/?page_id=229\" \/>\n<meta property=\"og:site_name\" content=\"Praxis Dr. med. Rosemarie Hofem\" \/>\n<meta property=\"article:modified_time\" content=\"2021-10-04T14:14:58+00:00\" \/>\n<meta name=\"twitter:card\" content=\"summary_large_image\" \/>\n<meta name=\"twitter:label1\" content=\"Gesch\u00e4tzte Lesezeit\" \/>\n\t<meta name=\"twitter:data1\" content=\"1\u00a0Minute\" \/>\n<script type=\"application\/ld+json\" class=\"yoast-schema-graph\">{\"@context\":\"https:\\\/\\\/schema.org\",\"@graph\":[{\"@type\":\"WebPage\",\"@id\":\"https:\\\/\\\/dr-hofem.de\\\/?page_id=229\",\"url\":\"https:\\\/\\\/dr-hofem.de\\\/?page_id=229\",\"name\":\"Datenschutzerklaerung - Praxis Dr. med. Rosemarie Hofem\",\"isPartOf\":{\"@id\":\"https:\\\/\\\/dr-hofem.de\\\/#website\"},\"datePublished\":\"2021-10-01T21:47:58+00:00\",\"dateModified\":\"2021-10-04T14:14:58+00:00\",\"description\":\"Orthop\u00e4de Osteopathie Orthop\u00e4die Akupunktur Pr\u00e4vention Praxis Oberursel Henricusstr. Rosemarie Hofem Dr. med.\",\"breadcrumb\":{\"@id\":\"https:\\\/\\\/dr-hofem.de\\\/?page_id=229#breadcrumb\"},\"inLanguage\":\"de\",\"potentialAction\":[{\"@type\":\"ReadAction\",\"target\":[\"https:\\\/\\\/dr-hofem.de\\\/?page_id=229\"]}]},{\"@type\":\"BreadcrumbList\",\"@id\":\"https:\\\/\\\/dr-hofem.de\\\/?page_id=229#breadcrumb\",\"itemListElement\":[{\"@type\":\"ListItem\",\"position\":1,\"name\":\"Startseite\",\"item\":\"https:\\\/\\\/dr-hofem.de\\\/\"},{\"@type\":\"ListItem\",\"position\":2,\"name\":\"Orthop\u00e4die Osteopathie\",\"item\":\"https:\\\/\\\/dr-hofem.de\\\/\"},{\"@type\":\"ListItem\",\"position\":3,\"name\":\"Datenschutzerklaerung\"}]},{\"@type\":\"WebSite\",\"@id\":\"https:\\\/\\\/dr-hofem.de\\\/#website\",\"url\":\"https:\\\/\\\/dr-hofem.de\\\/\",\"name\":\"Praxis Dr. med. Rosemarie Hofem\",\"description\":\"Orthop\u00e4die - Osteopathie - Akupunktur -Pr\u00e4vention\",\"publisher\":{\"@id\":\"https:\\\/\\\/dr-hofem.de\\\/#\\\/schema\\\/person\\\/d4890c02637270747fef07acc89c1df5\"},\"potentialAction\":[{\"@type\":\"SearchAction\",\"target\":{\"@type\":\"EntryPoint\",\"urlTemplate\":\"https:\\\/\\\/dr-hofem.de\\\/?s={search_term_string}\"},\"query-input\":{\"@type\":\"PropertyValueSpecification\",\"valueRequired\":true,\"valueName\":\"search_term_string\"}}],\"inLanguage\":\"de\"},{\"@type\":[\"Person\",\"Organization\"],\"@id\":\"https:\\\/\\\/dr-hofem.de\\\/#\\\/schema\\\/person\\\/d4890c02637270747fef07acc89c1df5\",\"name\":\"Dr. Hofem\",\"image\":{\"@type\":\"ImageObject\",\"inLanguage\":\"de\",\"@id\":\"https:\\\/\\\/secure.gravatar.com\\\/avatar\\\/ca7ec24c30f3fba63fe0a2e0f1740d36eb30977508ece1f374a02d04f60924be?s=96&d=mm&r=g\",\"url\":\"https:\\\/\\\/secure.gravatar.com\\\/avatar\\\/ca7ec24c30f3fba63fe0a2e0f1740d36eb30977508ece1f374a02d04f60924be?s=96&d=mm&r=g\",\"contentUrl\":\"https:\\\/\\\/secure.gravatar.com\\\/avatar\\\/ca7ec24c30f3fba63fe0a2e0f1740d36eb30977508ece1f374a02d04f60924be?s=96&d=mm&r=g\",\"caption\":\"Dr. Hofem\"},\"logo\":{\"@id\":\"https:\\\/\\\/secure.gravatar.com\\\/avatar\\\/ca7ec24c30f3fba63fe0a2e0f1740d36eb30977508ece1f374a02d04f60924be?s=96&d=mm&r=g\"},\"sameAs\":[\"https:\\\/\\\/dr-hofem.de\"]}]}<\/script>\n<!-- \/ Yoast SEO plugin. -->","yoast_head_json":{"title":"Datenschutzerklaerung - Praxis Dr. med. Rosemarie Hofem","description":"Orthop\u00e4de Osteopathie Orthop\u00e4die Akupunktur Pr\u00e4vention Praxis Oberursel Henricusstr. Rosemarie Hofem Dr. med.","robots":{"index":"index","follow":"follow","max-snippet":"max-snippet:-1","max-image-preview":"max-image-preview:large","max-video-preview":"max-video-preview:-1"},"canonical":"https:\/\/dr-hofem.de\/?page_id=229","og_locale":"de_DE","og_type":"article","og_title":"Datenschutzerklaerung - Praxis Dr. med. Rosemarie Hofem","og_description":"Orthop\u00e4de Osteopathie Orthop\u00e4die Akupunktur Pr\u00e4vention Praxis Oberursel Henricusstr. Rosemarie Hofem Dr. med.","og_url":"https:\/\/dr-hofem.de\/?page_id=229","og_site_name":"Praxis Dr. med. Rosemarie Hofem","article_modified_time":"2021-10-04T14:14:58+00:00","twitter_card":"summary_large_image","twitter_misc":{"Gesch\u00e4tzte Lesezeit":"1\u00a0Minute"},"schema":{"@context":"https:\/\/schema.org","@graph":[{"@type":"WebPage","@id":"https:\/\/dr-hofem.de\/?page_id=229","url":"https:\/\/dr-hofem.de\/?page_id=229","name":"Datenschutzerklaerung - Praxis Dr. med. Rosemarie Hofem","isPartOf":{"@id":"https:\/\/dr-hofem.de\/#website"},"datePublished":"2021-10-01T21:47:58+00:00","dateModified":"2021-10-04T14:14:58+00:00","description":"Orthop\u00e4de Osteopathie Orthop\u00e4die Akupunktur Pr\u00e4vention Praxis Oberursel Henricusstr. Rosemarie Hofem Dr. med.","breadcrumb":{"@id":"https:\/\/dr-hofem.de\/?page_id=229#breadcrumb"},"inLanguage":"de","potentialAction":[{"@type":"ReadAction","target":["https:\/\/dr-hofem.de\/?page_id=229"]}]},{"@type":"BreadcrumbList","@id":"https:\/\/dr-hofem.de\/?page_id=229#breadcrumb","itemListElement":[{"@type":"ListItem","position":1,"name":"Startseite","item":"https:\/\/dr-hofem.de\/"},{"@type":"ListItem","position":2,"name":"Orthop\u00e4die Osteopathie","item":"https:\/\/dr-hofem.de\/"},{"@type":"ListItem","position":3,"name":"Datenschutzerklaerung"}]},{"@type":"WebSite","@id":"https:\/\/dr-hofem.de\/#website","url":"https:\/\/dr-hofem.de\/","name":"Praxis Dr. med. Rosemarie Hofem","description":"Orthop\u00e4die - Osteopathie - Akupunktur -Pr\u00e4vention","publisher":{"@id":"https:\/\/dr-hofem.de\/#\/schema\/person\/d4890c02637270747fef07acc89c1df5"},"potentialAction":[{"@type":"SearchAction","target":{"@type":"EntryPoint","urlTemplate":"https:\/\/dr-hofem.de\/?s={search_term_string}"},"query-input":{"@type":"PropertyValueSpecification","valueRequired":true,"valueName":"search_term_string"}}],"inLanguage":"de"},{"@type":["Person","Organization"],"@id":"https:\/\/dr-hofem.de\/#\/schema\/person\/d4890c02637270747fef07acc89c1df5","name":"Dr. Hofem","image":{"@type":"ImageObject","inLanguage":"de","@id":"https:\/\/secure.gravatar.com\/avatar\/ca7ec24c30f3fba63fe0a2e0f1740d36eb30977508ece1f374a02d04f60924be?s=96&d=mm&r=g","url":"https:\/\/secure.gravatar.com\/avatar\/ca7ec24c30f3fba63fe0a2e0f1740d36eb30977508ece1f374a02d04f60924be?s=96&d=mm&r=g","contentUrl":"https:\/\/secure.gravatar.com\/avatar\/ca7ec24c30f3fba63fe0a2e0f1740d36eb30977508ece1f374a02d04f60924be?s=96&d=mm&r=g","caption":"Dr. Hofem"},"logo":{"@id":"https:\/\/secure.gravatar.com\/avatar\/ca7ec24c30f3fba63fe0a2e0f1740d36eb30977508ece1f374a02d04f60924be?s=96&d=mm&r=g"},"sameAs":["https:\/\/dr-hofem.de"]}]}},"_links":{"self":[{"href":"https:\/\/dr-hofem.de\/index.php?rest_route=\/wp\/v2\/pages\/229","targetHints":{"allow":["GET"]}}],"collection":[{"href":"https:\/\/dr-hofem.de\/index.php?rest_route=\/wp\/v2\/pages"}],"about":[{"href":"https:\/\/dr-hofem.de\/index.php?rest_route=\/wp\/v2\/types\/page"}],"author":[{"embeddable":true,"href":"https:\/\/dr-hofem.de\/index.php?rest_route=\/wp\/v2\/users\/1"}],"replies":[{"embeddable":true,"href":"https:\/\/dr-hofem.de\/index.php?rest_route=%2Fwp%2Fv2%2Fcomments&post=229"}],"version-history":[{"count":30,"href":"https:\/\/dr-hofem.de\/index.php?rest_route=\/wp\/v2\/pages\/229\/revisions"}],"predecessor-version":[{"id":329,"href":"https:\/\/dr-hofem.de\/index.php?rest_route=\/wp\/v2\/pages\/229\/revisions\/329"}],"up":[{"embeddable":true,"href":"https:\/\/dr-hofem.de\/index.php?rest_route=\/wp\/v2\/pages\/5"}],"wp:attachment":[{"href":"https:\/\/dr-hofem.de\/index.php?rest_route=%2Fwp%2Fv2%2Fmedia&parent=229"}],"curies":[{"name":"wp","href":"https:\/\/api.w.org\/{rel}","templated":true}]}}